{"id":1222,"date":"2024-07-01T01:10:04","date_gmt":"2024-07-01T01:10:04","guid":{"rendered":"https:\/\/pesquisaemdor.com.br\/?page_id=1222"},"modified":"2024-08-16T16:29:40","modified_gmt":"2024-08-16T16:29:40","slug":"leituras-recomendadas","status":"publish","type":"page","link":"http:\/\/pesquisaemdor.com.br\/?page_id=1222","title":{"rendered":"Leituras Recomendadas"},"content":{"rendered":"\t\t<div data-elementor-type=\"wp-page\" data-elementor-id=\"1222\" class=\"elementor elementor-1222\">\n\t\t\t\t<div class=\"elementor-element elementor-element-c865496 e-flex e-con-boxed e-con e-parent\" data-id=\"c865496\" data-element_type=\"container\" data-settings=\"{&quot;background_background&quot;:&quot;classic&quot;}\">\n\t\t\t\t\t<div class=\"e-con-inner\">\n\t\t\t\t<div class=\"elementor-element elementor-element-f53ecd1 elementor-widget elementor-widget-text-editor\" data-id=\"f53ecd1\" data-element_type=\"widget\" data-widget_type=\"text-editor.default\">\n\t\t\t\t<div class=\"elementor-widget-container\">\n\t\t\t<style>\/*! elementor - v3.22.0 - 26-06-2024 *\/\n.elementor-widget-text-editor.elementor-drop-cap-view-stacked .elementor-drop-cap{background-color:#69727d;color:#fff}.elementor-widget-text-editor.elementor-drop-cap-view-framed .elementor-drop-cap{color:#69727d;border:3px solid;background-color:transparent}.elementor-widget-text-editor:not(.elementor-drop-cap-view-default) .elementor-drop-cap{margin-top:8px}.elementor-widget-text-editor:not(.elementor-drop-cap-view-default) .elementor-drop-cap-letter{width:1em;height:1em}.elementor-widget-text-editor .elementor-drop-cap{float:left;text-align:center;line-height:1;font-size:50px}.elementor-widget-text-editor .elementor-drop-cap-letter{display:inline-block}<\/style>\t\t\t\t<h3><strong>Top 5 &#8211; Artigos de Julho de 2024<\/strong><\/h3>\t\t\t\t\t\t<\/div>\n\t\t\t\t<\/div>\n\t\t\t\t\t<\/div>\n\t\t\t\t<\/div>\n\t\t<div class=\"elementor-element elementor-element-d405a88 e-flex e-con-boxed e-con e-parent\" data-id=\"d405a88\" data-element_type=\"container\">\n\t\t\t\t\t<div class=\"e-con-inner\">\n\t\t\t\t<div class=\"elementor-element elementor-element-a80f08e elementor-widget elementor-widget-text-editor\" data-id=\"a80f08e\" data-element_type=\"widget\" data-widget_type=\"text-editor.default\">\n\t\t\t\t<div class=\"elementor-widget-container\">\n\t\t\t\t\t\t\t<p class=\"has-text-align-left\">1. Noe-Steinm\u00fcller N, Scherbakov D, Zhuravlyova A, Wager TD, Goldstein P, Tesarz J. Defining suffering in pain: a systematic review on pain-related suffering using natural language processing. Pain. 2024 Jul 1;165(7):1434-1449. doi: 10.1097\/j.pain.0000000000003195. Epub 2024 Mar 5. PMID: 38452202; PMCID: PMC11190900. <a href=\"https:\/\/journals.lww.com\/pain\/fulltext\/2024\/07000\/defining_suffering_in_pain__a_systematic_review_on.4.aspx\">(Acesse)<\/a><\/p>\n<p>2. Cuenca-Mart\u00ednez F, Herranz-G\u00f3mez A, Varangot-Reille C, Bajcar EA, Adamczyk WM, Suso-Mart\u00ed L, B\u0105bel P. Pain memory in children: a systematic review and meta-analysis with a meta-regression. Pain. 2024 Jul 1;165(7):1450-1463. doi: 10.1097\/j.pain.0000000000003170. Epub 2024 Jan 31. PMID: 38314811. <a href=\"https:\/\/journals.lww.com\/pain\/fulltext\/2024\/07000\/pain_memory_in_children__a_systematic_review_and.5.aspx\">(Acesse)<\/a><\/p>\n<p>3. Salabasidou E, Binder T, Volkmann J, Kuzkina A, \u00dc\u00e7eyler N. Pain in Parkinson disease: a deep phenotyping study. Pain. 2024 Jul 1;165(7):1642-1654. doi: 10.1097\/j.pain.0000000000003173. Epub 2024 Feb 1. PMID: 38314763. <a href=\"https:\/\/journals.lww.com\/pain\/fulltext\/2024\/07000\/pain_memory_in_children__a_systematic_review_and.5.aspx\">(Acesse)<\/a><\/p>\n<p>4. Tozzo, Marcela Camargo, et al. &#8220;Motivational impact, self-reported fear, avoidance, and harm perception of shoulder movements pictures in people with chronic shoulder pain.&#8221; <em>European Journal of Physiotherapy<\/em>\u00a0(2024): 1-11.\u00a0<a href=\"https:\/\/www.tandfonline.com\/doi\/full\/10.1080\/21679169.2024.2359968\">(Acesse)<\/a><\/p>\n<p>5.Reis FJJ, Alaiti RK, Vallio CS, Hespanhol L. Artificial intelligence and Machine Learning approaches in sports: Concepts, applications, challenges, and future perspectives. Braz J Phys Ther. 2024 May-Jun;28(3):101083. doi: 10.1016\/j.bjpt.2024.101083. Epub 2024 May 21. PMID: 38838418. <a href=\"https:\/\/pubmed.ncbi.nlm.nih.gov\/38838418\/\">(Acesse)<\/a><\/p>\t\t\t\t\t\t<\/div>\n\t\t\t\t<\/div>\n\t\t\t\t\t<\/div>\n\t\t\t\t<\/div>\n\t\t\t\t<\/div>\n\t\t","protected":false},"excerpt":{"rendered":"<p>Top 5 &#8211; Artigos de Julho de 2024 1. Noe-Steinm\u00fcller N, Scherbakov D, Zhuravlyova A, Wager TD, Goldstein P, Tesarz J. Defining suffering in pain:<\/p>\n<div class=\"read-more-wrapper\"><a class=\"link small\" href=\"http:\/\/pesquisaemdor.com.br\/?page_id=1222\" role=\"button\">Read more<span class=\"nc-icon-glyph arrows-1_bold-right\"><\/span><\/a><\/div>\n","protected":false},"author":1,"featured_media":0,"parent":0,"menu_order":0,"comment_status":"closed","ping_status":"closed","template":"","meta":{"footnotes":""},"_links":{"self":[{"href":"http:\/\/pesquisaemdor.com.br\/index.php?rest_route=\/wp\/v2\/pages\/1222"}],"collection":[{"href":"http:\/\/pesquisaemdor.com.br\/index.php?rest_route=\/wp\/v2\/pages"}],"about":[{"href":"http:\/\/pesquisaemdor.com.br\/index.php?rest_route=\/wp\/v2\/types\/page"}],"author":[{"embeddable":true,"href":"http:\/\/pesquisaemdor.com.br\/index.php?rest_route=\/wp\/v2\/users\/1"}],"replies":[{"embeddable":true,"href":"http:\/\/pesquisaemdor.com.br\/index.php?rest_route=%2Fwp%2Fv2%2Fcomments&post=1222"}],"version-history":[{"count":6,"href":"http:\/\/pesquisaemdor.com.br\/index.php?rest_route=\/wp\/v2\/pages\/1222\/revisions"}],"predecessor-version":[{"id":1359,"href":"http:\/\/pesquisaemdor.com.br\/index.php?rest_route=\/wp\/v2\/pages\/1222\/revisions\/1359"}],"wp:attachment":[{"href":"http:\/\/pesquisaemdor.com.br\/index.php?rest_route=%2Fwp%2Fv2%2Fmedia&parent=1222"}],"curies":[{"name":"wp","href":"https:\/\/api.w.org\/{rel}","templated":true}]}}