{"id":1240,"date":"2024-07-01T08:26:56","date_gmt":"2024-07-01T08:26:56","guid":{"rendered":"https:\/\/pesquisaemdor.com.br\/?page_id=1240"},"modified":"2024-08-16T16:16:24","modified_gmt":"2024-08-16T16:16:24","slug":"produtos-2","status":"publish","type":"page","link":"https:\/\/pesquisaemdor.com.br\/?page_id=1240","title":{"rendered":"Produtos"},"content":{"rendered":"\t\t<div data-elementor-type=\"wp-page\" data-elementor-id=\"1240\" class=\"elementor elementor-1240\">\n\t\t\t\t<div class=\"elementor-element elementor-element-471f0be e-flex e-con-boxed e-con e-parent\" data-id=\"471f0be\" data-element_type=\"container\" data-settings=\"{&quot;background_background&quot;:&quot;classic&quot;}\">\n\t\t\t\t\t<div class=\"e-con-inner\">\n\t\t\t\t<div class=\"elementor-element elementor-element-c754a67 elementor-widget elementor-widget-text-editor\" data-id=\"c754a67\" data-element_type=\"widget\" data-widget_type=\"text-editor.default\">\n\t\t\t\t<div class=\"elementor-widget-container\">\n\t\t\t<style>\/*! elementor - v3.22.0 - 26-06-2024 *\/\n.elementor-widget-text-editor.elementor-drop-cap-view-stacked .elementor-drop-cap{background-color:#69727d;color:#fff}.elementor-widget-text-editor.elementor-drop-cap-view-framed .elementor-drop-cap{color:#69727d;border:3px solid;background-color:transparent}.elementor-widget-text-editor:not(.elementor-drop-cap-view-default) .elementor-drop-cap{margin-top:8px}.elementor-widget-text-editor:not(.elementor-drop-cap-view-default) .elementor-drop-cap-letter{width:1em;height:1em}.elementor-widget-text-editor .elementor-drop-cap{float:left;text-align:center;line-height:1;font-size:50px}.elementor-widget-text-editor .elementor-drop-cap-letter{display:inline-block}<\/style>\t\t\t\t<h3 style=\"text-align: center;\">Jogo de Tabuleiro para Educa\u00e7\u00e3o em Dor<\/h3>\t\t\t\t\t\t<\/div>\n\t\t\t\t<\/div>\n\t\t\t\t\t<\/div>\n\t\t\t\t<\/div>\n\t\t<div class=\"elementor-element elementor-element-04bdca2 e-flex e-con-boxed e-con e-parent\" data-id=\"04bdca2\" data-element_type=\"container\">\n\t\t\t\t\t<div class=\"e-con-inner\">\n\t\t\t\t<div class=\"elementor-element elementor-element-b67a48e elementor-widget elementor-widget-text-editor\" data-id=\"b67a48e\" data-element_type=\"widget\" data-widget_type=\"text-editor.default\">\n\t\t\t\t<div class=\"elementor-widget-container\">\n\t\t\t\t\t\t\t<p><strong>Com o jogo de Tabuleiro Dolor\u00d4metro\u00a0 \u00e9 poss\u00edvel identificar as principais cren\u00e7as do paciente. A mec\u00e2nica do jogo especialmente desenvolvida para as pessoas com dor permite identificar as cren\u00e7as para a realizar a Educa\u00e7\u00e3o em Dor.<\/strong><\/p>\t\t\t\t\t\t<\/div>\n\t\t\t\t<\/div>\n\t\t\t\t\t<\/div>\n\t\t\t\t<\/div>\n\t\t<div class=\"elementor-element elementor-element-8306d3f e-grid e-con-boxed e-con e-parent\" data-id=\"8306d3f\" data-element_type=\"container\">\n\t\t\t\t\t<div class=\"e-con-inner\">\n\t\t\t\t<div class=\"elementor-element elementor-element-193611d elementor-widget elementor-widget-image\" data-id=\"193611d\" data-element_type=\"widget\" data-widget_type=\"image.default\">\n\t\t\t\t<div class=\"elementor-widget-container\">\n\t\t\t<style>\/*! elementor - v3.22.0 - 26-06-2024 *\/\n.elementor-widget-image{text-align:center}.elementor-widget-image a{display:inline-block}.elementor-widget-image a img[src$=\".svg\"]{width:48px}.elementor-widget-image img{vertical-align:middle;display:inline-block}<\/style>\t\t\t\t\t\t\t\t\t\t<img fetchpriority=\"high\" decoding=\"async\" width=\"213\" height=\"300\" src=\"https:\/\/pesquisaemdor.com.br\/wp-content\/uploads\/2024\/07\/Captura-de-Tela-2024-07-01-as-05.20.00-213x300.png\" class=\"attachment-medium size-medium wp-image-1242\" alt=\"\" srcset=\"https:\/\/pesquisaemdor.com.br\/wp-content\/uploads\/2024\/07\/Captura-de-Tela-2024-07-01-as-05.20.00-213x300.png 213w, https:\/\/pesquisaemdor.com.br\/wp-content\/uploads\/2024\/07\/Captura-de-Tela-2024-07-01-as-05.20.00.png 428w\" sizes=\"(max-width: 213px) 100vw, 213px\" \/>\t\t\t\t\t\t\t\t\t\t\t\t\t<\/div>\n\t\t\t\t<\/div>\n\t\t\t\t<div class=\"elementor-element elementor-element-970791f elementor-widget elementor-widget-text-editor\" data-id=\"970791f\" data-element_type=\"widget\" data-widget_type=\"text-editor.default\">\n\t\t\t\t<div class=\"elementor-widget-container\">\n\t\t\t\t\t\t\t<p><strong>Baixe todo o conte\u00fado do Jogo Dolor\u00f4metro (layout do tabuleiro em A3, cartas e regras) no link abaixo.<\/strong><\/p><p><a href=\"https:\/\/drive.google.com\/open?id=1AJUTM8gyo--BfG6imkJJwI3WHzxEe-xk\">Vers\u00e3o em Portugu\u00eas<\/a><\/p><p><a href=\"https:\/\/drive.google.com\/open?id=1OCw19IVUwk7lNPCnMKjKBAUy0Hz7Nx4s\">Versi\u00f3n en Espa\u00f1ol<\/a><\/p><p><a href=\"https:\/\/drive.google.com\/open?id=1gnxEn7FbDZ1U4Ik7wuH0U5K1NoNqYEg7\">English Version<\/a><\/p><p><a href=\"https:\/\/drive.google.com\/drive\/folders\/152d9kBclm8Alt7A4na8hjPqXwOsDcK4p?usp=sharing\">Version Fran\u00e7aise<\/a><\/p><p><a href=\"https:\/\/drive.google.com\/drive\/folders\/1HZUcBOfmpdilG23AsJXwEEsCXDcSpgBk?usp=sharing\">Deutsche Version<\/a><\/p>\t\t\t\t\t\t<\/div>\n\t\t\t\t<\/div>\n\t\t\t\t\t<\/div>\n\t\t\t\t<\/div>\n\t\t<div class=\"elementor-element elementor-element-385e6c5 e-flex e-con-boxed e-con e-parent\" data-id=\"385e6c5\" data-element_type=\"container\" data-settings=\"{&quot;background_background&quot;:&quot;classic&quot;}\">\n\t\t\t\t\t<div class=\"e-con-inner\">\n\t\t\t\t<div class=\"elementor-element elementor-element-4ad5bc1 elementor-widget elementor-widget-text-editor\" data-id=\"4ad5bc1\" data-element_type=\"widget\" data-widget_type=\"text-editor.default\">\n\t\t\t\t<div class=\"elementor-widget-container\">\n\t\t\t\t\t\t\t<h3 style=\"text-align: center;\">Sistema de Banco de Dados para Avalia\u00e7\u00e3o e Monitoramento da Dor<\/h3>\t\t\t\t\t\t<\/div>\n\t\t\t\t<\/div>\n\t\t\t\t\t<\/div>\n\t\t\t\t<\/div>\n\t\t<div class=\"elementor-element elementor-element-2167f38 e-grid e-con-boxed e-con e-parent\" data-id=\"2167f38\" data-element_type=\"container\">\n\t\t\t\t\t<div class=\"e-con-inner\">\n\t\t\t\t<div class=\"elementor-element elementor-element-714b975 elementor-widget elementor-widget-image\" data-id=\"714b975\" data-element_type=\"widget\" data-widget_type=\"image.default\">\n\t\t\t\t<div class=\"elementor-widget-container\">\n\t\t\t\t\t\t\t\t\t\t\t\t\t<img decoding=\"async\" width=\"750\" height=\"410\" src=\"https:\/\/pesquisaemdor.com.br\/wp-content\/uploads\/2020\/09\/Captura-de-Tela-2020-09-03-a\u0300s-19.10.24.jpg\" class=\"attachment-large size-large wp-image-1071\" alt=\"\" srcset=\"https:\/\/pesquisaemdor.com.br\/wp-content\/uploads\/2020\/09\/Captura-de-Tela-2020-09-03-a\u0300s-19.10.24.jpg 1015w, https:\/\/pesquisaemdor.com.br\/wp-content\/uploads\/2020\/09\/Captura-de-Tela-2020-09-03-a\u0300s-19.10.24-300x164.jpg 300w, https:\/\/pesquisaemdor.com.br\/wp-content\/uploads\/2020\/09\/Captura-de-Tela-2020-09-03-a\u0300s-19.10.24-768x420.jpg 768w\" sizes=\"(max-width: 750px) 100vw, 750px\" \/>\t\t\t\t\t\t\t\t\t\t\t\t\t<\/div>\n\t\t\t\t<\/div>\n\t\t\t\t<div class=\"elementor-element elementor-element-140ccda elementor-widget elementor-widget-text-editor\" data-id=\"140ccda\" data-element_type=\"widget\" data-widget_type=\"text-editor.default\">\n\t\t\t\t<div class=\"elementor-widget-container\">\n\t\t\t\t\t\t\t<h4 class=\"wp-block-heading\">Vers\u00e3o Windows (<a href=\"https:\/\/drive.google.com\/file\/d\/11Y2PuXxka120A4094UtlMoN4OTRsl7j0\/view?usp=sharing\">Download<\/a>)<\/h4>\n<h4 class=\"wp-block-heading\">Vers\u00e3o Mac (<a href=\"https:\/\/drive.google.com\/file\/d\/1MRskfuhaR6abafGlYrmZn22e51SVeP4d\/view?usp=sharing\">Download<\/a>)<\/h4>\n<h4 class=\"wp-block-heading\">Workshop de Lan\u00e7amento e Tutorial para uso do Sistema (minuto 47.00) \u2013\u00a0<a href=\"https:\/\/www.youtube.com\/watch?v=I442lQsygW0\">Acesse\u00a0<\/a><\/h4>\t\t\t\t\t\t<\/div>\n\t\t\t\t<\/div>\n\t\t\t\t\t<\/div>\n\t\t\t\t<\/div>\n\t\t\t\t<\/div>\n\t\t","protected":false},"excerpt":{"rendered":"<p>Jogo de Tabuleiro para Educa\u00e7\u00e3o em Dor Com o jogo de Tabuleiro Dolor\u00d4metro\u00a0 \u00e9 poss\u00edvel identificar as principais cren\u00e7as do paciente. A mec\u00e2nica do jogo<\/p>\n<div class=\"read-more-wrapper\"><a class=\"link small\" href=\"https:\/\/pesquisaemdor.com.br\/?page_id=1240\" role=\"button\">Read more<span class=\"nc-icon-glyph arrows-1_bold-right\"><\/span><\/a><\/div>\n","protected":false},"author":1,"featured_media":0,"parent":0,"menu_order":0,"comment_status":"closed","ping_status":"closed","template":"","meta":{"footnotes":""},"_links":{"self":[{"href":"https:\/\/pesquisaemdor.com.br\/index.php?rest_route=\/wp\/v2\/pages\/1240"}],"collection":[{"href":"https:\/\/pesquisaemdor.com.br\/index.php?rest_route=\/wp\/v2\/pages"}],"about":[{"href":"https:\/\/pesquisaemdor.com.br\/index.php?rest_route=\/wp\/v2\/types\/page"}],"author":[{"embeddable":true,"href":"https:\/\/pesquisaemdor.com.br\/index.php?rest_route=\/wp\/v2\/users\/1"}],"replies":[{"embeddable":true,"href":"https:\/\/pesquisaemdor.com.br\/index.php?rest_route=%2Fwp%2Fv2%2Fcomments&post=1240"}],"version-history":[{"count":13,"href":"https:\/\/pesquisaemdor.com.br\/index.php?rest_route=\/wp\/v2\/pages\/1240\/revisions"}],"predecessor-version":[{"id":1361,"href":"https:\/\/pesquisaemdor.com.br\/index.php?rest_route=\/wp\/v2\/pages\/1240\/revisions\/1361"}],"wp:attachment":[{"href":"https:\/\/pesquisaemdor.com.br\/index.php?rest_route=%2Fwp%2Fv2%2Fmedia&parent=1240"}],"curies":[{"name":"wp","href":"https:\/\/api.w.org\/{rel}","templated":true}]}}